{"id":6,"date":"2021-02-11T20:16:42","date_gmt":"2021-02-11T20:16:42","guid":{"rendered":"https:\/\/www.customdelux.de\/?page_id=6"},"modified":"2021-02-15T13:47:20","modified_gmt":"2021-02-15T13:47:20","slug":"home","status":"publish","type":"page","link":"https:\/\/www.customdelux.de\/","title":{"rendered":"Herzlich Willkommen bei CUSTOM DELUX Bikes &#038; More"},"content":{"rendered":"\n<p class=\"has-medium-font-size\">Wir haben vielleicht nicht die gr\u00f6\u00dfte Verkaufsfl\u00e4che, ganz sicher aber die besten R\u00e4der f\u00fcr jeden Zweck im Angebot. Egal, ob f\u00fcr die Stadt, den Wald, den Schnee oder einfach f\u00fcr\u2019s \u201eGesehen-werden\u201c auf der Stra\u00dfe und im Caf\u00e9 \u2013 bei uns findest Du garantiert Dein Traumbike.<br><br>Service steht bei uns an erster Stelle. Und h\u00f6rt f\u00fcr uns erst dann wieder auf, wenn Du als Kunde den Laden wieder verl\u00e4sst. Und zwar zufrieden.<\/p>\n\n\n\n<p class=\"has-medium-font-size\">Konnten wir Dein Vertrauen gewinnen und uns wiedersehen? Dann haben wir alles richtig gemacht.<\/p>\n\n\n\n<p class=\"has-medium-font-size\">Unser Mechaniker-Team wird Dich begeistern, denn es wird auch h\u00f6chsten Anspr\u00fcchen gerecht. Egal, ob Full-Service rund ums Bike, Beratung und Kaufempfehlung bei der Wahl eines neuen Fahrrades namhafter Hersteller oder auch wenn es sich um eine von unseren ausgezeichneten Kaffeespezialit\u00e4ten handelt &#8211; ein Besuch bei uns lohnt sich immer.<\/p>\n\n\n\n<p class=\"has-medium-font-size\">Unser Gesch\u00e4ft findest Du direkt im Herzen Frankfurts am Friedberger Platz, in der G\u00fcnthersburgallee 6.<br><br>Bequem von zuhause aus bestellen? Eine gro\u00dfe Auswahl an phantastischen TIOGA-Produkten wie S\u00e4tteln, Reifen und Pedale findest Du in unserem <a href=\"http:\/\/www.tiogashop.de\">Online Shop<\/a>. Am Besten, Du \u00fcberzeugst Dich selbst von unserer Leistungsf\u00e4higkeit.<\/p>\n\n\n\n<p class=\"has-medium-font-size\">Und solltest Du tats\u00e4chlich einmal nicht v\u00f6llig zufrieden sein, sag es uns einfach. Zusammen finden wir sicher einen Weg, wie man das verbessern kann. Warst Du aber zufrieden, so darfst Du das nat\u00fcrlich gern allen anderen sagen:<\/p>\n\n\n\n<p class=\"has-medium-font-size\"><img loading=\"lazy\" decoding=\"async\" width=\"225\" height=\"225\" class=\"wp-image-132\" style=\"width: 17px;\" src=\"https:\/\/www.customdelux.de\/wp-content\/uploads\/2021\/02\/index-FB.png\" alt=\"\" srcset=\"https:\/\/www.customdelux.de\/wp-content\/uploads\/2021\/02\/index-FB.png 225w, https:\/\/www.customdelux.de\/wp-content\/uploads\/2021\/02\/index-FB-150x150.png 150w\" sizes=\"(max-width: 225px) 100vw, 225px\" \/> CUSTOM DELUX auf <a href=\"https:\/\/www.facebook.com\/customdeluxbikes\" target=\"_blank\" rel=\"noreferrer noopener\">Facebook<\/a><\/p>\n\n\n\n<p class=\"has-medium-font-size\"><img loading=\"lazy\" decoding=\"async\" width=\"225\" height=\"225\" class=\"wp-image-117\" style=\"width: 17px;\" src=\"https:\/\/www.customdelux.de\/wp-content\/uploads\/2021\/02\/index-1.png\" alt=\"\" srcset=\"https:\/\/www.customdelux.de\/wp-content\/uploads\/2021\/02\/index-1.png 225w, https:\/\/www.customdelux.de\/wp-content\/uploads\/2021\/02\/index-1-150x150.png 150w\" sizes=\"(max-width: 225px) 100vw, 225px\" \/> CUSTOM DELUX auf <a href=\"https:\/\/g.page\/r\/CZllAtdxrGP-EAg\/review\" target=\"_blank\" rel=\"noreferrer noopener\">Google<\/a> bewerten<\/p>\n\n\n\n<p class=\"has-medium-font-size\">Wir freuen uns auf Dich!<\/p>\n","protected":false},"excerpt":{"rendered":"<p>Wir haben vielleicht nicht die gr\u00f6\u00dfte Verkaufsfl\u00e4che, ganz sicher aber die besten R\u00e4der f\u00fcr jeden Zweck im Angebot. Egal, ob f\u00fcr die Stadt, den Wald, den Schnee oder einfach f\u00fcr\u2019s \u201eGesehen-werden\u201c auf der Stra\u00dfe und im Caf\u00e9 \u2013 bei uns findest Du garantiert Dein Traumbike. Service steht bei uns an erster Stelle. Und h\u00f6rt f\u00fcr [&hellip;]<\/p>\n","protected":false},"author":1,"featured_media":0,"parent":0,"menu_order":0,"comment_status":"closed","ping_status":"closed","template":"","meta":{"footnotes":""},"_links":{"self":[{"href":"https:\/\/www.customdelux.de\/index.php\/wp-json\/wp\/v2\/pages\/6"}],"collection":[{"href":"https:\/\/www.customdelux.de\/index.php\/wp-json\/wp\/v2\/pages"}],"about":[{"href":"https:\/\/www.customdelux.de\/index.php\/wp-json\/wp\/v2\/types\/page"}],"author":[{"embeddable":true,"href":"https:\/\/www.customdelux.de\/index.php\/wp-json\/wp\/v2\/users\/1"}],"replies":[{"embeddable":true,"href":"https:\/\/www.customdelux.de\/index.php\/wp-json\/wp\/v2\/comments?post=6"}],"version-history":[{"count":8,"href":"https:\/\/www.customdelux.de\/index.php\/wp-json\/wp\/v2\/pages\/6\/revisions"}],"predecessor-version":[{"id":140,"href":"https:\/\/www.customdelux.de\/index.php\/wp-json\/wp\/v2\/pages\/6\/revisions\/140"}],"wp:attachment":[{"href":"https:\/\/www.customdelux.de\/index.php\/wp-json\/wp\/v2\/media?parent=6"}],"curies":[{"name":"wp","href":"https:\/\/api.w.org\/{rel}","templated":true}]}}